-j*f + 10, -2*b + 4*f + 2 = o*f. What are the prime factors of b?
2, 3
Suppose -2*o = 0, 4*o + 0*o = -5*t - 95. Let n = 46 + t. List the prime factors of n.
3
Suppose 8*h = 3*h, -2*p + 5*h + 12 = 0. Let r = p - 4. List the prime factors of (1 - -9) + (r - 1).
11
Suppose 86 + 55 = 3*v. Suppose 0 = -8*i + 3*i + 3*z + v, 39 = 5*i - z. Let f = 17 - i. What are the prime factors of f?
2, 5
Let l be (-3)/6*-2*-1. Let f = l + 28. List the prime factors of f.
3
What are the prime factors of (-1736)/(-10) + (-48)/80?
173
Let c(w) = -w**3 + 5*w**2 + 4*w - 2. Let k be c(6). Let j = 32 + k. What are the prime factors of j?
2, 3
Suppose 2*d + 0*z - 48 = -4*z, d + z - 25 = 0. What are the prime factors of d?
2, 13
Let b(g) = g**2 - 6*g - 7. Let h be b(7). Let j(a) = -a**3 + a**2 - a + 2. Let o be j(h). Suppose o*u = 4*u - 6. What are the prime factors of u?
3
Let i(q) = q**2 - 5*q**2 + 3*q**2. Let m be i(3). Let t = -2 - m. List the prime factors of t.
7
Let x(f) = f - 2. Let t be x(-6). Let v = 15 + t. What are the prime factors of v?
7
Let q be (3/(-6))/(1/(-4)). Suppose -4*s + 7*s + 12 = q*k, 0 = s + 2. List the prime factors of k.
3
Let r = 1 + 4. Suppose -81 = -3*h - 3*v, -r*v = 4*h - 61 - 46. Suppose -2*k = -2*i - 10, 2*k + 2*i - h = -2*i. What are the prime factors of k?
2
Let w be (-6)/5*45/(-6). Let g = -16 + w. Let d = 7 - g. List the prime factors of d.
2, 7
Suppose 0 = 7*d - 1602 + 314. What are the prime factors of d?
2, 23
Let f be (1 - (-1 + 2))/2. List the prime factors of f - -1*(2 + 7).
3
Suppose 5*y - k = 297, y + 3*k - 189 = -2*y. Suppose 4 = -j, 3*p - y = -p + j. List the prime factors of p.
2, 7
Let x(o) = o**3 - 5*o**2 - 9*o + 9. Let j be x(6). Let m(d) = d**3 + 10*d**2 + 8*d + 10. Let k be m(j). Suppose -2*a + k - 3 = 0. List the prime factors of a.
2
Let k = 0 + 10. Let c = 10 - k. Suppose c = 5*p + 4*o - 10 - 35, -5*p - o + 60 = 0. List the prime factors of p.
13
Let h(n) = 3 - n**3 - 2 + 0*n**3 + 4. List the prime factors of h(0).
5
Let u(k) = -k**3 + 13*k**2 - 11*k - 10. Let i be u(12). Suppose i*c - 16 - 22 = 0. List the prime factors of c.
19
Let j(k) = k**3 + 18*k**2 + 21*k. List the prime factors of j(-15).
2, 3, 5
Suppose -2*p = 5*t - 49, 3*p + 0*t + 3*t = 87. What are the prime factors of p?
2
Let g = 5 + -3. Suppose 3*a = 4*h - 96, -g*a = -5*h - 23 + 136. List the prime factors of h.
3, 7
Suppose -k + 2*k = 4*m - 337, -5*m + k + 421 = 0. What are the prime factors of m?
2, 3, 7
Let h be (-6 - 1)/((-2)/4). Suppose -2*m = -2*v - h, 0*m = 5*m + v - 53. List the prime factors of m.
2, 5
Suppose 3*k = -34 + 13. Let w(d) = d**3 + 9*d**2 + 8*d. What are the prime factors of w(k)?
2, 3, 7
Let u = 1 - 11. What are the prime factors of 1/(-2) + (-25)/u?
2
Suppose 4*v + 4*o - 492 = 0, -3*v - o + 351 = -4*o. List the prime factors of v.
2, 3, 5
List the prime factors of 27 - ((4 - 4) + 0).
3
Let g(v) = v**2 + 11*v + 11. What are the prime factors of g(-14)?
53
Suppose 2*z - 62 = -0*z. Let a = z - 22. Suppose -a = -5*p + 6. List the prime factors of p.
3
Suppose -321 - 531 = -12*t. What are the prime factors of t?
71
Let h(f) = 56*f**3. Let c be h(-1). Let i = -26 - c. List the prime factors of i.
2, 3, 5
Let v(t) = -t - 5. Let c be v(-8). What are the prime factors of 24/9 + 1/c?
3
Let b(z) = -3*z - 4. Suppose 4*a - 2*k + 30 = 0, a + 3*k + 16 = 5. List the prime factors of b(a).
2, 5
Suppose 4*p - 12 = 288. Suppose 0*l + p = 5*l. Suppose -k - s = -l, -7*s = -k - 5*s. What are the prime factors of k?
2, 5
Let p(k) = -14*k + 1. Let y be p(-4). Let b = y - 36. What are the prime factors of b?
3, 7
What are the prime factors of (66/9)/(-1*(-2)/36)?
2, 3, 11
Suppose 3*x - 122 = -k, 2*k - 251 = 2*x - x. Let j = 59 - k. What are the prime factors of (2/6)/((-2)/j)?
11
Let c = -55 - -81. Let y = -15 + c. List the prime factors of (y/3)/((-1)/(-3)).
11
Let h = 7 + -5. Let a(i) = -12*i**2 - i + 22 - i**3 - 26 + i**h + i**2. List the prime factors of a(-10).
2, 3
Let z = -25 - -41. List the prime factors of z.
2
Let c(w) = -w + 8. Let v be c(5). Suppose v*x - z - 13 = 0, -x = 5*z - z - 13. Suppose -40 = -x*m - 0. What are the prime factors of m?
2
Suppose -c = 4*c + m - 51, 34 = 2*c - 3*m. List the prime factors of c.
11
Suppose -1056 = -7*v + v. List the prime factors of v.
2, 11
What are the prime factors of (-2)/3 + -2 + (-484)/(-6)?
2, 3, 13
Suppose 22 - 7 = 3*q. Suppose u - 35 = -q*n, -2*n + u + 4*u + 14 = 0. List the prime factors of n.
7
Let w(i) = 24*i - 8. List the prime factors of w(9).
2, 13
Let f(c) = c**2 - 4*c + 5. Let v be f(2). Let k = 16 - v. List the prime factors of k.
3, 5
Let r(i) = 4*i - 5. What are the prime factors of r(2)?
3
Suppose 136 = -5*q - 119. Let g = 92 + q. What are the prime factors of g?
41
Let b be (18/6)/(9/(-66)). Let m = b - -43. What are the prime factors of m?
3, 7
Suppose 1205 = 4*d - w, 0 = -5*d - 4*w + 3*w + 1495. What are the prime factors of d?
2, 3, 5
Suppose -5*k - 16 = -7*k. List the prime factors of k.
2
Let x be -12*(-4)/((-8)/(-3)). Suppose 10 = 5*a - 5*y, -2*y = -5*a - 5*y + x. Suppose -11 - 34 = -a*t. What are the prime factors of t?
3, 5
Let o(a) = 2*a - 5. Let d = 6 + -2. Let f be o(d). Suppose 10 = f*v + 2*v. What are the prime factors of v?
2
Let o be (-18)/(-27) - (-92)/6. Let j = 0 + o. What are the prime factors of j?
2
Let z be 10/3*3 - 0. Let d(q) = -q**2 + 10*q + 8. What are the prime factors of d(z)?
2
Let g(x) = 33*x**2 - x + 6. List the prime factors of g(-3).
2, 3, 17
Let m(y) = 2*y**2 - 7*y - 6. What are the prime factors of m(8)?
2, 3, 11
Suppose -8 = -4*z - 0*z, -4*w + z + 150 = 0. What are the prime factors of w?
2, 19
Let m be 10/(-3)*(-36)/(-5). Suppose -64 = t + 3*t. Let j = t - m. What are the prime factors of j?
2
Suppose 83 = 2*x + 3*y - 0*y, 3*x = 3*y + 162. What are the prime factors of x?
7
Suppose 3*g + 18 = 6*g. Suppose -4*l + 4*q = -40, l - 2*l + g = -3*q. What are the prime factors of 3/(-9)*0 + l?
2, 3
Let g = 5 - 1. Let p = 13 - g. What are the prime factors of p?
3
Suppose 0 = q + 3*w - 28, -97 + 19 = -4*q + 5*w. List the prime factors of q.
2, 11
Suppose -2*v = 2*t - 59 - 19, 3*v - 157 = -4*t. What are the prime factors of t?
2, 5
Let q(a) = 2*a + 1. Let k be q(9). Let h = -12 + k. What are the prime factors of h?
7
Let l(q) = 6*q**3 - 5*q**2 - 4*q. Let u(z) = -5*z**3 + 5*z**2 + 3*z - 1. Let m = -6 + 12. Let f(n) = m*l(n) + 7*u(n). What are the prime factors of f(-5)?
2
Suppose -y - 1 = 0, -2*x + 3*y + 4 = -3. Suppose x*l = -2*l + 16. Suppose -4*v + 3*v = 4*q - 16, -l*q = 5*v - 16. What are the prime factors of q?
2
Let z be (6 + 2)*(-22)/(-4). Suppose z = 4*j + 4. List the prime factors of j.
2, 5
Let h be 1/5 + 195/25. Suppose h*y - 3*y = 80. List the prime factors of y.
2
Let w = -4 + 6. Let h be 7*((0 - 1) + w). Suppose 3*t - h = 2*u, 4*t + 4*u = 9 + 7. What are the prime factors of t?
3
Let i(k) = 7*k - 7. What are the prime factors of i(7)?
2, 3, 7
Let j(p) = -p**2 + p + 4. Let w be j(0). Suppose 5*g - 6 = -w*x, -3 = -2*x + 3*g + 11. Suppose x*d - u = 22, -2*d + 2*u = 7*u. What are the prime factors of d?
5
Suppose -3*h + 44 = i, -4*h - 112 = -4*i - 0*h. List the prime factors of i.
2
Let a(v) = -8*v - 6. List the prime factors of a(-6).
2, 3, 7
Let v be (-4)/(-6) - 68/(-6). Suppose 5*z - 2 = k, -k - 3*z + v = -z. Suppose -2*i + i + k = 0. List the prime factors of i.
2
Let f be -2 - -2 - -4*2. Let j = -6 + f. Suppose i - d - j = 21, -2*i + 4*d = -52. List the prime factors of i.
2, 5
Let l(x) = x**2 + x - 28. Let r be l(0). Suppose 7*f - 3*f = 156. Let c = f + r. What are the prime factors of c?
11
Let p(s) = 5*s**3 + s - 2. Let c be p(1). What are the prime factors of (23/c)/((-3)/(-24))?
2, 23
Suppose -3*f + 4*c = -154, -c + 6*c = f - 55. What are the prime factors of f?
2, 5
Suppose y + 18 = -2*s, 0*s - 39 = 3*y + s. List the prime factors of ((-136)/y)/(2/3).
17
Let o(y) = -5*y - 4. Let c be o(-10). Suppose 5*t + 11 = c. What are the prime factors of t?
7
Suppose -5 = -0*v - v. Suppose 0 = -5*g - v, 3*m = -m - g + 19. Suppose 9 = l + 2*c, -l - m*c + 1 + 8 = 0. List the prime factors of l.
3
Let w be (4/(-6))/(4/(-12)). Let t = w - -1. What are the prime factors of t?
3
Suppose -11 - 31 = -2*x. What are the prime factors of x?
3, 7
Suppose 3*